6569 is divided by 744.
25
Calculate the remainder when 38210 is divided by 1592.
2
What is the remainder when 7065 is divided by 1039?
831
What is the remainder when 1340197 is divided by 803?
793
Calculate the remainder when 6409 is divided by 3195.
19
What is the remainder when 1361 is divided by 14?
3
What is the remainder when 118509 is divided by 144?
141
Calculate the remainder when 17409 is divided by 4349.
13
Calculate the remainder when 137396 is divided by 477.
20
What is the remainder when 91605 is divided by 158?
123
Calculate the remainder when 2303 is divided by 105.
98
Calculate the remainder when 12089 is divided by 4007.
68
What is the remainder when 244831 is divided by 17?
14
What is the remainder when 106264 is divided by 91?
67
What is the remainder when 6066 is divided by 31?
21
What is the remainder when 3468 is divided by 251?
205
What is the remainder when 24156 is divided by 12066?
24
What is the remainder when 2985 is divided by 112?
73
What is the remainder when 138597 is divided by 462?
459
What is the remainder when 7163 is divided by 728?
611
What is the remainder when 80016 is divided by 49?
48
Calculate the remainder when 383205 is divided by 30.
15
What is the remainder when 16223 is divided by 96?
95
Calculate the remainder when 847379 is divided by 121.
16
What is the remainder when 28924 is divided by 28920?
4
Calculate the remainder when 9252 is divided by 104.
100
What is the remainder when 316341 is divided by 12?
9
Calculate the remainder when 221 is divided by 87.
47
Calculate the remainder when 163570 is divided by 81744.
82
What is the remainder when 40258 is divided by 19?
16
Calculate the remainder when 187285 is divided by 648.
13
What is the remainder when 9073 is divided by 5?
3
What is the remainder when 28223 is divided by 33?
8
Calculate the remainder when 7417 is divided by 337.
3
What is the remainder when 688052 is divided by 66?
2
Calculate the remainder when 8289966 is divided by 29.
26
What is the remainder when 3917 is divided by 301?
4
What is the remainder when 77312 is divided by 463?
454
Calculate the remainder when 53474 is divided by 223.
177
Calculate the remainder when 3712 is divided by 120.
112
Calculate the remainder when 406798 is divided by 29.
15
What is the remainder when 19840 is divided by 388?
52
Calculate the remainder when 28475 is divided by 14165.
145
What is the remainder when 84321 is divided by 38?
37
What is the remainder when 312696 is divided by 22?
10
What is the remainder when 6958 is divided by 101?
90
Calculate the remainder when 20626 is divided by 7.
4
Calculate the remainder when 7398 is divided by 95.
83
Calculate the remainder when 69274 is divided by 29.
22
What is the remainder when 52257 is divided by 260?
257
Calculate the remainder when 4278 is divided by 4259.
19
What is the remainder when 31102 is divided by 30?
22
What is the remainder when 81011 is divided by 43?
42
What is the remainder when 211475 is divided by 637?
628
What is the remainder when 3131 is divided by 31?
0
What is the remainder when 4950 is divided by 1330?
960
What is the remainder when 83481 is divided by 469?
468
What is the remainder when 12812 is divided by 38?
6
Calculate the remainder when 10678 is divided by 203.
122
Calculate the remainder when 7410 is divided by 160.
50
What is the remainder when 18980 is divided by 6?
2
What is the remainder when 259725 is divided by 12986?
5
Calculate the remainder when 154073 is divided by 13.
10
Calculate the remainder when 20012262 is divided by 97.
95
What is the remainder when 6562 is divided by 604?
522
Calculate the remainder when 570661 is divided by 190219.
4
What is the remainder when 2924 is divided by 356?
76
Calculate the remainder when 158 is divided by 113.
45
What is the remainder when 706 is divided by 173?
14
What is the remainder when 902653 is divided by 8?
5
Calculate the remainder when 609 is divided by 582.
27
What is the remainder when 47394 is divided by 289?
287
What is the remainder when 4295 is divided by 261?
119
Calculate the remainder when 829 is divided by 783.
46
What is the remainder when 25621 is divided by 13?
11
Calculate the remainder when 15193 is divided by 4937.
382
Calculate the remainder when 2304 is divided by 629.
417
What is the remainder when 42252 is divided by 10521?
168
What is the remainder when 5515 is divided by 172?
11
What is the remainder when 13446 is divided by 425?
271
Calculate the remainder when 1135 is divided by 771.
364
What is the remainder when 14071 is divided by 7030?
11
Calculate the remainder when 4750 is divided by 2.
0
What is the remainder when 18545 is divided by 134?
53
Calculate the remainder when 138048 is divided by 60.
48
What is the remainder when 37275 is divided by 12424?
3
Calculate the remainder when 34131 is divided by 338.
331
Calculate the remainder when 12221 is divided by 1919.
707
Calculate the remainder when 71076 is divided by 7.
5
What is the remainder when 6838 is divided by 20?
18
Calculate the remainder when 903 is divided by 436.
31
What is the remainder when 5165 is divided by 1274?
69
What is the remainder when 5332 is divided by 597?
556
Calculate the remainder when 60159 is divided by 5012.
15
What is the remainder when 25722 is divided by 25715?
7
What is the remainder when 19060 is divided by 906?
34
Calculate the remainder when 571949 is divided by 15.
14
Calculate the remainder when 756256 is divided by 523.
521
What is the remainder when 1872819 is divided by 116?
115
What is the remainder when 3286349 is divided by 1635?
1634
What is the remainder when 6830969 is divided by 79?
76
Calculate the remainder when 7748 is divided by 243.
215
Calculate the remainder when 10579 is divided by 26.
23
What is the remainder when 9011 is divided by 2038?
859
Calculate the remainder when 3935 is divided by 47.
34
What is the remainder when 27519 is divided by 272?
47
What is the remainder when 284484 is divided by 31?
28
Calculate the remainder when 1231998 is divided by 308.
306
Calculate the remainder when 4137 is divided by 218.
213
What is the remainder when 21518 is divided by 5374?
22
What is the remainder when 3292 is divided by 104?
68
Calculate the remainder when 5538 is divided by 793.
780
What is the remainder when 433015 is divided by 12?
7
Calculate the remainder when 912136 is divided by 38.
22
What is the remainder when 2366 is divided by 216?
206
What is the remainder when 2993 is divided by 119?
18
What is the remainder when 5698 is divided by 204?
190
Calculate the remainder when 128830 is divided by 64410.
10
What is the remainder when 8580 is divided by 26?
0
Calculate the remainder when 7548 is divided by 99.
24
What is the remainder when 2587 is divided by 858?
13
Calculate the remainder when 23730 is divided by 7903.
21
What is the remainder when 2890 is divided by 406?
48
What is the remainder when 1053 is divided by 712?
341
What is the remainder when 8138 is divided by 1594?
168
What is the remainder when 6640 is divided by 162?
160
What is the remainder when 357725 is divided by 89431?
1
Calculate the remainder when 738576 is divided by 32112.
0
Calculate the remainder when 245545 is divided by 118.
105
What is the remainder when 257 is divided by 18?
5
Calculate the remainder when 785084 is divided by 94.
90
Calculate the remainder when 119961 is divided by 184.
177
What is the remainder when 31775 is divided by 1059?
5
Calculate the remainder when 47756 is divided by 7950.
56
Calculate the remainder when 7945 is divided by 1588.
5
Calculate the remainder when 5248 is divided by 814.
364
Calculate the remainder when 4603 is divided by 1434.
301
What is the remainder when 5341 is divided by 5324?
17
What is the remainder when 7831 is divided by 26?
5
What is the remainder when 52483 is divided by 54?
49
Calculate the remainder when 6012 is divided by 5788.
224
Calculate the remainder when 4049 is divided by 303.
110
What is the remainder when 24983 is divided by 1392?
1319
What is the remainder when 14086 is divided by 704?
6
Calculate the remainder when 188262 is divided by 49.
4
What is the remainder when 11124 is divided by 2160?
324
Calculate the remainder when 139455 is divided by 46479.
18
Calculat